 is the units digit of (0/2 - 4)*-14?
6
What is the units digit of (-51 - 0)/(-3 - -2)?
1
Let u be 1/(-2)*(-3 + 3). Let c be 0 - u*3/9. What is the units digit of 4 + c/(1 + -3)?
4
Suppose 0 = -3*s + 2*i + 58, s - 3*s + 5*i = -57. What is the tens digit of s?
1
Let s(n) = 9*n - 10. What is the units digit of s(4)?
6
Let v = 130 + 55. What is the hundreds digit of v?
1
Let t = -56 - -132. What is the units digit of t?
6
Suppose -2*h = -7*h. Suppose h = 4*t - 5*o - 16, -16 = -5*t + t - 3*o. Suppose -t = -3*u + 32. What is the units digit of u?
2
Let a = 37 - 43. Let p = 1 + 6. Let r = p + a. What is the units digit of r?
1
Let q(d) = d - 1. What is the units digit of q(6)?
5
Let m be ((-40)/(-6))/5*-3. What is the units digit of 20*(-2)/m + -2?
8
Let a be (-48)/(-10) + (-13)/(-65). Suppose 2*x - b = x + 38, a*x - 4*b - 186 = 0. What is the units digit of x?
4
Suppose 5*p = -4*z + 138 + 9, 4*z = 5*p + 197. What is the tens digit of z?
4
Suppose -5*m = 3*p - 16, 0 = -2*p - m + 3*m. Suppose -3*j = -p*j - 14. Suppose -4*b + 5*l + j = -11, 3*b = -4*l + 11. What is the units digit of b?
5
Let w = 243 + -62. What is the hundreds digit of w?
1
Suppose -15 = -l - 3*b, b + 10 = -3*l + 63. What is the tens digit of l?
1
Suppose h - 2*h = 0. Suppose 5*j + 17 - 62 = 0. Suppose 3*a - j - 21 = h. What is the tens digit of a?
1
Suppose 4*g = 17 - 5. Let i be 2/1 + 0/g. Suppose -u - i*u = -21. What is the units digit of u?
7
Suppose 2*r - 24 = -5*a + 28, 5*r + 2*a = 130. What is the units digit of r?
6
What is the units digit of (-2)/14 + 20112/56?
9
Suppose -5*n + 2*f + 53 = 4*f, -2*f + 8 = 0. Let v = n + 16. Suppose 2*r - v = -3*r. What is the units digit of r?
5
Suppose -f = 5*d - 1155, 0 = 4*d - 5*f - 391 - 533. What is the tens digit of d?
3
Let i = 3 + -1. Let k be i/((-11)/(-10) - 1). Suppose -3*f - k = -4*o, 2*f - 52 = -5*o - f. What is the units digit of o?
8
Suppose -8*p + 15 = -5*p. What is the units digit of p?
5
Let t(f) = 7*f + 12. What is the units digit of t(7)?
1
Suppose 7*v = 3*a + 2*v - 31, -3*v = 5*a + 5. Suppose 0 = g - a - 2. Let p = g - -7. What is the tens digit of p?
1
Let g = -1 + 2. Let q(v) be the third derivative of v**5/60 - v**2. What is the units digit of q(g)?
1
Let z(w) = 15*w + 7. Let h(l) = 8*l + 4. Let p(o) = 5*h(o) - 3*z(o). What is the units digit of p(-1)?
4
Let m be -1 + (0 - -1) - -4. Suppose c = -m*c. Suppose 2*h = -c*h + 6. What is the units digit of h?
3
What is the units digit of ((-2)/(-2))/(3/273)?
1
Let n(h) = 4 - 5 + 0*h**3 - 9*h**2 + h + h**3. Let o be ((-1)/(-2))/((-3)/(-54)). What is the units digit of n(o)?
8
Let b = 2 - 9. Let t be 2 + 1 + -2 - b. Let m = -1 + t. What is the units digit of m?
7
Suppose -134 = 13*h - 14*h. What is the hundreds digit of h?
1
Suppose 10*c = 5*c + 185. What is the units digit of c?
7
Let f(y) = -y + 127. Let t be f(0). Suppose 0 = 4*x - t + 19. What is the tens digit of x?
2
Let g(t) = 43*t**2 + 11*t + 11. What is the hundreds digit of g(-3)?
3
What is the units digit of 24/(-84) + 4624/14?
0
Let f = 47 + 34. What is the tens digit of f/15*10/3?
1
Let r = 61 + -21. What is the units digit of r?
0
Let n(o) = -3*o**3 + 9*o**2 + o + 2*o**2 + 2 + 2*o**3. What is the units digit of n(11)?
3
Let l(x) be the second derivative of x**4/6 - 3*x**3/2 - 5*x**2/2 + 6*x. What is the tens digit of l(8)?
5
Let r(k) = 3*k + 6 - 3 + 1. What is the tens digit of r(3)?
1
Let i(y) = y**3 + 9*y**2 + 9*y + 7. Let c be i(-8). Let z = c - -3. What is the units digit of z + 0 - 1*-5?
7
What is the units digit of ((-2)/(-6))/((-4)/(-492))?
1
Let g(o) = 31*o - 1. Let q be g(1). What is the units digit of q/3 - (-2)/(-2)?
9
Let b = -211 + 317. Suppose 2*d - 14 = -m, 0*m - 4*m + 2*d + b = 0. Suppose -p + m + 0 = 5*f, -f = -5*p + 68. What is the units digit of p?
4
Let j(g) = 2*g**2 + 2*g - 1. Let p be j(2). Suppose -2 = -3*o - 5*b - 6, 5*b + p = -2*o. Let x = 13 - o. What is the units digit of x?
6
Suppose 2*c + 9 + 21 = 0. What is the units digit of ((-11)/5)/(3/c)?
1
Suppose -5*h = 2*b - 19, -4*h + 16 + 13 = -3*b. Let n = -3 - -3. Let m = h + n. What is the units digit of m?
5
Let f(a) = -a**2 - a + 29. What is the units digit of f(0)?
9
Suppose 3*d - 370 = -58. What is the hundreds digit of d?
1
Let o(r) = -r - 2. Let k be o(-1). Let a be 5 + k - 1/1. What is the units digit of ((-4)/a)/((-6)/9)?
2
Let w be ((-25)/20)/(2/(-8)). Let h = w + -5. Suppose 2*x - 17 - 7 = h. What is the units digit of x?
2
Let k(s) = 0*s + 3 + 2 + 0 - 2*s. What is the units digit of k(-4)?
3
Let z = -688 + 976. What is the hundreds digit of z?
2
Let l be (0 - 2/(-4))*4. Let k = 19 - 16. Suppose 0 = k*w - l*w + 5*m - 26, w - 2*m + 2 = 0. What is the units digit of w?
6
Let o = 1 + 2. Suppose -o*c = 4 - 1. Let i(v) = -7*v**3 + v**2 - v - 1. What is the units digit of i(c)?
8
Let d be (-2)/3 + 8/3. Let j = 4 - d. What is the units digit of j?
2
Let l be (-3 - -2) + 11/1. Let n be l*-1*1/(-2). Suppose -4 - 1 = -n*o. What is the units digit of o?
1
Suppose 2 = -3*u - 4*i, 4*i + 3 + 9 = 2*u. Suppose o = -u*o + 18. What is the units digit of o?
6
Let l be (5 - 5) + 18/3. Let i = l + 0. What is the units digit of i?
6
Let n = -42 + 81. What is the tens digit of n?
3
Suppose 143 = 2*y + 3*y - j, -5*y + 149 = 2*j. Let o = -14 + y. What is the tens digit of o?
1
What is the tens digit of (-4926)/(-34) + 26/221?
4
Suppose 0 = -3*q - 14 + 62. What is the units digit of q?
6
Let d(s) = -2*s - 6. Let l be d(-5). Suppose l*z - 116 = 4*c, -c + 3*c + 32 = z. What is the tens digit of z?
2
Let u = -39 + 131. What is the tens digit of u?
9
Let w = -92 + 344. What is the tens digit of w?
5
Suppose -42 - 1124 = -11*k. What is the hundreds digit of k?
1
Suppose 0*k - 3*k - q + 55 = 0, -3*q = k - 29. Let w = -13 + k. What is the units digit of w?
4
Let r = -17 - -30. What is the tens digit of r?
1
Let f(r) = -4*r + 1. Let t be f(-1). Let h(a) = -a**2 + 5*a + 2. Let b be h(5). Suppose b*u - t = 11. What is the units digit of u?
8
Let t = 102 - 37. What is the tens digit of t?
6
Let m = -7 + 14. What is the units digit of m?
7
Suppose d + 2 = 1. Let q = 2 + d. What is the units digit of q?
1
Let i(b) = 3*b. Let u be i(-14). What is the tens digit of -2 - (-2 - -2) - u?
4
Suppose 4*w = w + 6, -3*w = 4*s - 86. What is the tens digit of s?
2
Suppose 0*h = -4*h. Suppose -6 = -s - 2. Suppose h = s*b + 3*v - 30, 0 = -4*b + 5*b - 5*v - 19. What is the units digit of b?
9
Let p be 60/35 - (-6)/21. Suppose 200 = 2*i + p*i. What is the units digit of i?
0
Suppose -g + 10 = -5*v - 67, 0 = 2*g + 3*v - 89. What is the tens digit of g?
5
Let r be 15/(-3)*(-2)/2. Suppose r*l = 12 + 13. Suppose 4*o + 36 + 12 = l*m, 2*o + 4 = 0. What is the units digit of m?
8
Let b(o) be the third derivative of -o**6/120 - 3*o**5/20 - o**4/8 - 7*o**3/6 - 4*o**2. What is the units digit of b(-9)?
0
What is the units digit of 2*((-214)/(-4) + -4)?
9
Suppose 4*t + 10 = -t. Let j = t - -13. What is the tens digit of j?
1
Suppose 1 = -l, 8*h = 3*h + 2*l - 3. What is the tens digit of 35 + h + -3 + 4?
3
Suppose 5*m + 37 = -3*t, 2*t + 2 - 4 = 2*m. Let u = 0 - t. Suppose -3*z + 33 = u*n, 2*n = -3*z + 6*n + 33. What is the units digit of z?
1
Let y(b) = -b**3 - 6*b**2 - 7*b - 3. Let d(j) = j**3 - 7*j**2 - 8*j - 5. Let a be d(8). What is the units digit of y(a)?
7
Let v(n) = n**3 + 2*n**2 - 4*n + 7. What is the units digit of v(3)?
0
Let i(p) = 11*p - 4. Let l(b) = -b**2 - 10*b + 3. Let y be l(-10). What is the tens digit of i(y)?
2
Suppose h - 4*s + 1 = -2*s, -s + 6 = -h. Let i(y) = y**2 + 12*y + 16. What is the units digit of i(h)?
5
Let g = -11 + -10. What is the tens digit of 1*31 + g/7?
2
Suppose 0*d - d - 3 = 0. Let u be ((-5)/(-2) + d)*0. Suppose 3*k - 4*k - z = -19, -4*z + 16 = u. What is the tens digit of k?
1
Let y(c) = 8*c + 14. What is the units digit of y(8)?
8
Let o be ((-1)/3)/((-3)/36). Suppose o*f - 3*a - 3 = 0, -5*a + 18 = 4*f - 9. Suppose -2*w - 2 = -f*w. What is the units digit of w?
2
Let j = 10 - 6. Let k = 31 - 17. Suppose -j*l + 2*l + k = 0. What is the units digit of l?
7
What is the units digit of (-684)/(-27)*3/2?
8
Let i = 8 - 11. Let d(g) = -g**3 - 2*g**2 + 4*g + 4. Let c be d(i). What is the tens digit of (2 - c)*(0 + 13)?
1
Suppose 4*r - g - 2*g - 86 = 0, 0 = 